{"id":355,"date":"2017-03-31T19:09:54","date_gmt":"2017-03-31T16:09:54","guid":{"rendered":"http:\/\/radiofestivaali.metropolia.fi\/?page_id=355"},"modified":"2026-04-02T14:06:43","modified_gmt":"2026-04-02T14:06:43","slug":"kilpailusarjat","status":"publish","type":"page","link":"https:\/\/radiofestivaali.fi\/?page_id=355","title":{"rendered":"Kilpailusarjat"},"content":{"rendered":"\n<h2 class=\"wp-block-heading has-black-color has-text-color has-link-color wp-elements-de60c80dda2c4b26ae3791c7789bcc77\"><strong><b>Kilpailusarjat&nbsp;202<\/b>6<\/strong><\/h2>\n\n\n\n<p class=\"has-black-color has-text-color has-link-color wp-elements-4c4b0e2ea56a94a3d3586331338547c7\">Vuoden 2026 Radiofestivaalilla on kolme kilpailusarjaa: dokumenttisarja, podcast-sarja (alasarjoina Opiskelija ja Yleinen) sek\u00e4 juontajakilpailu.<\/p>\n\n\n\n<p>Ilmoittautuminen Radiofestivaalin kilpailusarjoihin on 9.3. &#8211; 31.3.2026. Teosten t\u00e4ytyy olla toteutettu aikav\u00e4lill\u00e4 31.3.2025-31.3.2026.<\/p>\n\n\n\n<p class=\"has-black-color has-text-color has-link-color wp-elements-a9bc7db2f3ad3cd9bc17f16c9c8ad863\">Kilpailusarjat<\/p>\n\n\n\n<p>Vuoden 2026 Radiofestivaalilla on kolme kilpailusarjaa: dokumenttisarja, podcast-sarja (alasarjoina Opiskelija ja Yleinen) sek\u00e4 juontajakilpailu.<\/p>\n\n\n\n<p class=\"has-black-color has-text-color has-link-color wp-elements-07cb6c97dff144d4e32ff995bd86b9de\">Muistathan tutustua <a href=\"https:\/\/radiofestivaali.fi\/?page_id=41\">kilpailusarjojen s\u00e4\u00e4nt\u00f6ihin<\/a> ennen ilmoittautumisen tekemist\u00e4.<\/p>\n\n\n\n<p><\/p>\n","protected":false},"excerpt":{"rendered":"<p>Kilpailusarjat&nbsp;2026 Vuoden 2026 Radiofestivaalilla on kolme kilpailusarjaa: dokumenttisarja, podcast-sarja (alasarjoina Opiskelija ja Yleinen) sek\u00e4 juontajakilpailu. Ilmoittautuminen Radiofestivaalin kilpailusarjoihin on 9.3. &#8211; 31.3.2026. Teosten t\u00e4ytyy olla toteutettu aikav\u00e4lill\u00e4 31.3.2025-31.3.2026. Kilpailusarjat Vuoden 2026 Radiofestivaalilla on kolme kilpailusarjaa: dokumenttisarja, podcast-sarja (alasarjoina Opiskelija ja Yleinen) sek\u00e4 juontajakilpailu. Muistathan tutustua kilpailusarjojen s\u00e4\u00e4nt\u00f6ihin ennen ilmoittautumisen tekemist\u00e4.<\/p>\n","protected":false},"author":1,"featured_media":0,"parent":38,"menu_order":0,"comment_status":"closed","ping_status":"closed","template":"","meta":{"footnotes":""},"class_list":["post-355","page","type-page","status-publish","hentry"],"_links":{"self":[{"href":"https:\/\/radiofestivaali.fi\/index.php?rest_route=\/wp\/v2\/pages\/355","targetHints":{"allow":["GET"]}}],"collection":[{"href":"https:\/\/radiofestivaali.fi\/index.php?rest_route=\/wp\/v2\/pages"}],"about":[{"href":"https:\/\/radiofestivaali.fi\/index.php?rest_route=\/wp\/v2\/types\/page"}],"author":[{"embeddable":true,"href":"https:\/\/radiofestivaali.fi\/index.php?rest_route=\/wp\/v2\/users\/1"}],"replies":[{"embeddable":true,"href":"https:\/\/radiofestivaali.fi\/index.php?rest_route=%2Fwp%2Fv2%2Fcomments&post=355"}],"version-history":[{"count":3,"href":"https:\/\/radiofestivaali.fi\/index.php?rest_route=\/wp\/v2\/pages\/355\/revisions"}],"predecessor-version":[{"id":1388,"href":"https:\/\/radiofestivaali.fi\/index.php?rest_route=\/wp\/v2\/pages\/355\/revisions\/1388"}],"up":[{"embeddable":true,"href":"https:\/\/radiofestivaali.fi\/index.php?rest_route=\/wp\/v2\/pages\/38"}],"wp:attachment":[{"href":"https:\/\/radiofestivaali.fi\/index.php?rest_route=%2Fwp%2Fv2%2Fmedia&parent=355"}],"curies":[{"name":"wp","href":"https:\/\/api.w.org\/{rel}","templated":true}]}}