{"id":38,"date":"2016-11-15T20:41:55","date_gmt":"2016-11-15T18:41:55","guid":{"rendered":"http:\/\/localhost:8888\/?page_id=38"},"modified":"2026-01-11T22:10:48","modified_gmt":"2026-01-11T22:10:48","slug":"osallistuminen","status":"publish","type":"page","link":"https:\/\/radiofestivaali.fi\/?page_id=38","title":{"rendered":"Osallistuminen"},"content":{"rendered":"\n<p class=\"has-black-color has-text-color has-link-color wp-elements-a10d2a6a0e72a6bbd88ecc57688a21ce\">Ilmoittautuminen vuoden 2026 Radiofestivaalin kilpailusarjoihin alkaa maanantaina 9.3.2026. Viimeinen ilmoittautumisp\u00e4iv\u00e4 on tiistai 31.3.2026.<\/p>\n\n\n\n<p class=\"has-black-color has-text-color has-link-color wp-elements-bfee414c096a824f593b1b73cc000e67\">Kilpailusarjoihin hyv\u00e4ksytyt teokset ilmoitetaan festivaalin sivuilla viimeist\u00e4\u00e4n pe 10.4.2026.<\/p>\n\n\n\n<p class=\"has-text-align-left has-black-color has-text-color has-link-color wp-elements-7e18c843320cdd6f3dd043308cde9d83\">Katso tarkemmat ohjeet <strong><a href=\"https:\/\/radiofestivaali.fi\/?page_id=41\">S\u00e4\u00e4nn\u00f6t<\/a><\/strong>-sivulta.<\/p>\n\n\n\n<p class=\"has-text-align-left has-black-color has-text-color has-link-color wp-elements-3060efe0b100331bae3673bdbf054cc3\"><span style=\"font-weight: 400;\">Lis\u00e4tietoja osallistumisesta saat osoitteesta <\/span>  <strong>aanipolku@gmail.com<\/strong><\/p>\n\n\n\n<p><\/p>\n","protected":false},"excerpt":{"rendered":"<p>Ilmoittautuminen vuoden 2026 Radiofestivaalin kilpailusarjoihin alkaa maanantaina 9.3.2026. Viimeinen ilmoittautumisp\u00e4iv\u00e4 on tiistai 31.3.2026. Kilpailusarjoihin hyv\u00e4ksytyt teokset ilmoitetaan festivaalin sivuilla viimeist\u00e4\u00e4n pe 10.4.2026. Katso tarkemmat ohjeet S\u00e4\u00e4nn\u00f6t-sivulta. Lis\u00e4tietoja osallistumisesta saat osoitteesta aanipolku@gmail.com<\/p>\n","protected":false},"author":1,"featured_media":0,"parent":0,"menu_order":0,"comment_status":"closed","ping_status":"closed","template":"","meta":{"footnotes":""},"class_list":["post-38","page","type-page","status-publish","hentry"],"_links":{"self":[{"href":"https:\/\/radiofestivaali.fi\/index.php?rest_route=\/wp\/v2\/pages\/38","targetHints":{"allow":["GET"]}}],"collection":[{"href":"https:\/\/radiofestivaali.fi\/index.php?rest_route=\/wp\/v2\/pages"}],"about":[{"href":"https:\/\/radiofestivaali.fi\/index.php?rest_route=\/wp\/v2\/types\/page"}],"author":[{"embeddable":true,"href":"https:\/\/radiofestivaali.fi\/index.php?rest_route=\/wp\/v2\/users\/1"}],"replies":[{"embeddable":true,"href":"https:\/\/radiofestivaali.fi\/index.php?rest_route=%2Fwp%2Fv2%2Fcomments&post=38"}],"version-history":[{"count":1,"href":"https:\/\/radiofestivaali.fi\/index.php?rest_route=\/wp\/v2\/pages\/38\/revisions"}],"predecessor-version":[{"id":1290,"href":"https:\/\/radiofestivaali.fi\/index.php?rest_route=\/wp\/v2\/pages\/38\/revisions\/1290"}],"wp:attachment":[{"href":"https:\/\/radiofestivaali.fi\/index.php?rest_route=%2Fwp%2Fv2%2Fmedia&parent=38"}],"curies":[{"name":"wp","href":"https:\/\/api.w.org\/{rel}","templated":true}]}}

<p class="has-black-color has-text-color has-link-color wp-elements-a10d2a6a0e72a6bbd88ecc57688a21ce">Ilmoittautuminen vuoden 2026 Radiofestivaalin kilpailusarjoihin alkaa maanantaina 9.3.2026. Viimeinen ilmoittautumispäivä on tiistai 31.3.2026.</p>



<p class="has-black-color has-text-color has-link-color wp-elements-bfee414c096a824f593b1b73cc000e67">Kilpailusarjoihin hyväksytyt teokset ilmoitetaan festivaalin sivuilla viimeistään pe 10.4.2026.</p>



<p class="has-text-align-left has-black-color has-text-color has-link-color wp-elements-7e18c843320cdd6f3dd043308cde9d83">Katso tarkemmat ohjeet <strong><a href="https://radiofestivaali.fi/?page_id=41">Säännöt</a></strong>-sivulta.</p>



<p class="has-text-align-left has-black-color has-text-color has-link-color wp-elements-3060efe0b100331bae3673bdbf054cc3"><span style="font-weight: 400;">Lisätietoja osallistumisesta saat osoitteesta </span>  <strong>aanipolku@gmail.com</strong></p>



<p></p>

<p>Ilmoittautuminen vuoden 2026 Radiofestivaalin kilpailusarjoihin alkaa maanantaina 9.3.2026. Viimeinen ilmoittautumispäivä on tiistai 31.3.2026. Kilpailusarjoihin hyväksytyt teokset ilmoitetaan festivaalin sivuilla viimeistään pe 10.4.2026. Katso tarkemmat ohjeet Säännöt-sivulta. Lisätietoja osallistumisesta saat osoitteesta aanipolku@gmail.com</p>
