{"id":482,"date":"2017-04-24T23:11:53","date_gmt":"2017-04-24T20:11:53","guid":{"rendered":"http:\/\/radiofestivaali.metropolia.fi\/?page_id=482"},"modified":"2026-04-13T14:46:49","modified_gmt":"2026-04-13T14:46:49","slug":"info","status":"publish","type":"page","link":"https:\/\/radiofestivaali.fi\/?page_id=482","title":{"rendered":"Info"},"content":{"rendered":"\n<h2 class=\"wp-block-heading\"><strong>Mik\u00e4 on Radiofestivaali?<\/strong><\/h2>\n\n\n\n<p class=\"has-black-color has-text-color has-link-color wp-elements-50ba028967c1fbaaaa603ae39cfa8c1f\">Radiofestivaali on alan opiskelijoiden ja ammattilaisten t\u00e4rkein kohtaamispaikka. Festivaali tarjoaa alan opiskelijoille ainutlaatuisen tilaisuuden kisata teoksillaan ja taidoillaan valtakunnallisella tasolla dokumentti-, podcast-, ja juontajakilpailuissa. Radiofestivaalilla on my\u00f6s kaikille avoin kilpailusarja podcastit.<\/p>\n\n\n\n<p class=\"has-black-color has-text-color has-link-color wp-elements-d3fd3bd08827fd606705a747e40fab28\">Tapahtumalla on pitk\u00e4t perinteet, sill\u00e4 sit\u00e4 on j\u00e4rjestetty &nbsp;vuorovuosittain Torniossa ja Tampereella jo vuodesta 2000. Tuona aikana Radiofestivaaleille ovat osallistuneet monet t\u00e4m\u00e4n p\u00e4iv\u00e4n tunnetut ammattilaiset.&nbsp;T\u00e4ll\u00e4 hetkell\u00e4 Radiofestivaalin tapahtumapaikkoina kiert\u00e4v\u00e4t vuorollaan Tampere, Oulu ja Helsinki.<\/p>\n\n\n\n<h2 class=\"wp-block-heading\"><strong>Vuoden 2026 festarit<\/strong><\/h2>\n\n\n\n<p class=\"has-black-color has-text-color has-link-color wp-elements-1edd464f28baae29517fd5e8a95e25ad\">Vuoden 2026 Radiofestivaali j\u00e4rjestet\u00e4\u00e4n 22.\u201324.4. Helsingiss\u00e4.<\/p>\n\n\n\n<p>Festivaalit k\u00e4ynnistyv\u00e4t kaikkien aikojen ensimm\u00e4isell\u00e4 PodiKlubilla keskiviikkona 22.4.2026 Kulttuurikeskus Stoan Musiikkisalissa. Varsinaisia festivaalip\u00e4ivi\u00e4 vietet\u00e4\u00e4n torstaista perjantaihin. Kilpailuiden lis\u00e4ksi festivaalilla kuullaan alan ammattilaisten mestarikursseja. Festivaalin tapahtumapaikkana toimii torstaina 23.4.&nbsp;Laajasalon opisto &nbsp;ja perjantaina 24.4.&nbsp; Taide- ja kulttuurivirasto.<\/p>\n\n\n\n<p>Kulttuurikeskus Stoa: Turunlinnantie 1<br>00900 Helsinki<\/p>\n\n\n\n<p>Laajasalon opisto: Kuukiventie 6<br>00840 Helsinki<\/p>\n\n\n\n<p>Taide- ja kulttuurivirasto: Kaikukatu 2 C <br>00530 Helsinki<\/p>\n\n\n\n<h2 class=\"wp-block-heading\"><strong>Ilmoittautuminen ja tapahtuma-aikataulut<\/strong><\/h2>\n\n\n\n<p>Kilpailusarjoihin on voinut ilmoittautua ajalla 9.3. &#8211; 31.3.2026.\u00a0<\/p>\n\n\n\n<p class=\"has-black-color has-text-color has-link-color wp-elements-7883ff8123400387ee71d2f7f3c17121\"><strong>Yhteystiedot:<\/strong><\/p>\n\n\n\n<p class=\"has-black-color has-text-color has-link-color wp-elements-22e67f1a7694c6239d289353a13564cc\">aanipolku@gmail.com<\/p>\n\n\n\n<p><br><\/p>\n\n\n\n<p><br><\/p>\n\n\n\n<p>&nbsp;\u2060&nbsp;\n\n<\/p>\n","protected":false},"excerpt":{"rendered":"<p>Mik\u00e4 on Radiofestivaali? Radiofestivaali on alan opiskelijoiden ja ammattilaisten t\u00e4rkein kohtaamispaikka. Festivaali tarjoaa alan opiskelijoille ainutlaatuisen tilaisuuden kisata teoksillaan ja taidoillaan valtakunnallisella tasolla dokumentti-, podcast-, ja juontajakilpailuissa. Radiofestivaalilla on my\u00f6s kaikille avoin kilpailusarja podcastit. Tapahtumalla on pitk\u00e4t perinteet, sill\u00e4 sit\u00e4 on j\u00e4rjestetty &nbsp;vuorovuosittain Torniossa ja Tampereella jo vuodesta 2000. Tuona aikana Radiofestivaaleille ovat osallistuneet monet [&hellip;]<\/p>\n","protected":false},"author":1,"featured_media":0,"parent":0,"menu_order":0,"comment_status":"closed","ping_status":"closed","template":"","meta":{"footnotes":""},"class_list":["post-482","page","type-page","status-publish","hentry"],"_links":{"self":[{"href":"https:\/\/radiofestivaali.fi\/index.php?rest_route=\/wp\/v2\/pages\/482","targetHints":{"allow":["GET"]}}],"collection":[{"href":"https:\/\/radiofestivaali.fi\/index.php?rest_route=\/wp\/v2\/pages"}],"about":[{"href":"https:\/\/radiofestivaali.fi\/index.php?rest_route=\/wp\/v2\/types\/page"}],"author":[{"embeddable":true,"href":"https:\/\/radiofestivaali.fi\/index.php?rest_route=\/wp\/v2\/users\/1"}],"replies":[{"embeddable":true,"href":"https:\/\/radiofestivaali.fi\/index.php?rest_route=%2Fwp%2Fv2%2Fcomments&post=482"}],"version-history":[{"count":17,"href":"https:\/\/radiofestivaali.fi\/index.php?rest_route=\/wp\/v2\/pages\/482\/revisions"}],"predecessor-version":[{"id":1395,"href":"https:\/\/radiofestivaali.fi\/index.php?rest_route=\/wp\/v2\/pages\/482\/revisions\/1395"}],"wp:attachment":[{"href":"https:\/\/radiofestivaali.fi\/index.php?rest_route=%2Fwp%2Fv2%2Fmedia&parent=482"}],"curies":[{"name":"wp","href":"https:\/\/api.w.org\/{rel}","templated":true}]}}

<h2 class="wp-block-heading"><strong>Mikä on Radiofestivaali?</strong></h2>



<p class="has-black-color has-text-color has-link-color wp-elements-50ba028967c1fbaaaa603ae39cfa8c1f">Radiofestivaali on alan opiskelijoiden ja ammattilaisten tärkein kohtaamispaikka. Festivaali tarjoaa alan opiskelijoille ainutlaatuisen tilaisuuden kisata teoksillaan ja taidoillaan valtakunnallisella tasolla dokumentti-, podcast-, ja juontajakilpailuissa. Radiofestivaalilla on myös kaikille avoin kilpailusarja podcastit.</p>



<p class="has-black-color has-text-color has-link-color wp-elements-d3fd3bd08827fd606705a747e40fab28">Tapahtumalla on pitkät perinteet, sillä sitä on järjestetty &nbsp;vuorovuosittain Torniossa ja Tampereella jo vuodesta 2000. Tuona aikana Radiofestivaaleille ovat osallistuneet monet tämän päivän tunnetut ammattilaiset.&nbsp;Tällä hetkellä Radiofestivaalin tapahtumapaikkoina kiertävät vuorollaan Tampere, Oulu ja Helsinki.</p>



<h2 class="wp-block-heading"><strong>Vuoden 2026 festarit</strong></h2>



<p class="has-black-color has-text-color has-link-color wp-elements-1edd464f28baae29517fd5e8a95e25ad">Vuoden 2026 Radiofestivaali järjestetään 22.–24.4. Helsingissä.</p>



<p>Festivaalit käynnistyvät kaikkien aikojen ensimmäisellä PodiKlubilla keskiviikkona 22.4.2026 Kulttuurikeskus Stoan Musiikkisalissa. Varsinaisia festivaalipäiviä vietetään torstaista perjantaihin. Kilpailuiden lisäksi festivaalilla kuullaan alan ammattilaisten mestarikursseja. Festivaalin tapahtumapaikkana toimii torstaina 23.4.&nbsp;Laajasalon opisto &nbsp;ja perjantaina 24.4.&nbsp; Taide- ja kulttuurivirasto.</p>



<p>Kulttuurikeskus Stoa: Turunlinnantie 1<br>00900 Helsinki</p>



<p>Laajasalon opisto: Kuukiventie 6<br>00840 Helsinki</p>



<p>Taide- ja kulttuurivirasto: Kaikukatu 2 C <br>00530 Helsinki</p>



<h2 class="wp-block-heading"><strong>Ilmoittautuminen ja tapahtuma-aikataulut</strong></h2>



<p>Kilpailusarjoihin on voinut ilmoittautua ajalla 9.3. &#8211; 31.3.2026. </p>



<p class="has-black-color has-text-color has-link-color wp-elements-7883ff8123400387ee71d2f7f3c17121"><strong>Yhteystiedot:</strong></p>



<p class="has-black-color has-text-color has-link-color wp-elements-22e67f1a7694c6239d289353a13564cc">aanipolku@gmail.com</p>



<p><br></p>



<p><br></p>



<p>&nbsp;⁠&nbsp;

</p>

<p>Mikä on Radiofestivaali? Radiofestivaali on alan opiskelijoiden ja ammattilaisten tärkein kohtaamispaikka. Festivaali tarjoaa alan opiskelijoille ainutlaatuisen tilaisuuden kisata teoksillaan ja taidoillaan valtakunnallisella tasolla dokumentti-, podcast-, ja juontajakilpailuissa. Radiofestivaalilla on myös kaikille avoin kilpailusarja podcastit. Tapahtumalla on pitkät perinteet, sillä sitä on järjestetty &nbsp;vuorovuosittain Torniossa ja Tampereella jo vuodesta 2000. Tuona aikana Radiofestivaaleille ovat osallistuneet monet [&hellip;]</p>
